 + 6*m - 4. Let b be r(4). Suppose -b*x + 22 = -2. What is the greatest common factor of 30 and x?
6
Let d be (-546)/22 + (-4)/22. Let h = 5 - d. Calculate the highest common divisor of h and 12.
6
Let o = 54 + -33. What is the highest common factor of 21 and o?
21
Suppose 2*g = 4*g + 4*l - 114, -132 = -2*g + 2*l. Calculate the highest common divisor of 7 and g.
7
Let b = 48 + -24. Let k be 0/((0 + 1)*1). Suppose -4*v + 20 = 4*d, 2*d = -k*v - 4*v + b. Calculate the highest common factor of v and 63.
7
Let k = -1 + 4. Suppose -k*o = 18 - 72. What is the greatest common factor of o and 45?
9
Suppose 5*m - 265 = -20. What is the greatest common factor of m and 7?
7
Let k be (-21)/(-7)*1*49. Let m be (-1 - k/(-9))*3. Calculate the highest common divisor of m and 115.
23
Let w be (12/(-10))/((-12)/40). Let t be -3 + 54*(-2 + w). What is the greatest common divisor of 15 and t?
15
Let w = -15 - -15. Suppose -4*a = 10 + 2, u - 4*a - 24 = w. What is the greatest common divisor of u and 8?
4
Suppose 2*d = 5*w - 35, -w - d = -2 - 5. What is the highest common divisor of 28 and w?
7
Let u be (0 + (-1)/(-1))*3. Let x be 286/u - 1/3. Suppose -96 + 20 = -2*r. Calculate the highest common factor of r and x.
19
Suppose -x = -2*x + 4. Suppose 0 = -2*a + x*u - 30, -5*u + 8 = a + 23. Let w be (-3 - 57/a)*80. Calculate the greatest common divisor of w and 16.
16
Let i be (-24)/84 - (-107)/7. What is the highest common factor of 105 and i?
15
Let j(p) = -p**3 + 11*p**2 - 7*p - 12. Let c be j(10). Let d = -110 + 308. What is the highest common factor of c and d?
18
Suppose -4*d - 5*i = 7, -2*d + 4*i + 10 = -3*d. Suppose 5*b - 81 = d*b. Calculate the highest common factor of b and 9.
9
Suppose -w = -2*v - 20, 3*v + 4 + 11 = 0. Suppose 3*u = -x + 17, u - w = 2*x - 4*u. What is the highest common divisor of 40 and x?
5
Suppose 0 = 4*p - b - 9 - 8, 20 = 4*p - 4*b. Suppose p*v - 396 = -6*y + 2*y, 495 = 5*y - v. Calculate the highest common divisor of 11 and y.
11
Suppose -2*v - 5*g + 43 = 0, -3 = -4*g + g. What is the greatest common divisor of v and 19?
19
Suppose 26 + 10 = 6*d. Calculate the highest common divisor of 15 and d.
3
Let m be (-2 - -3) + 0 - -35. Let u be (-3 - -4)/(2/24). Calculate the greatest common factor of m and u.
12
Let y(u) = 66*u - 16. Let v be y(2). Calculate the greatest common divisor of 29 and v.
29
Suppose 9*a - 4 = 8*a. Suppose -2*u + 2*l = -2*l - 28, 0 = -3*u - a*l + 22. What is the highest common factor of 30 and u?
10
Let u be 1*(0 - (2 - 2)). Suppose -3*m + 40 = -u*p - 5*p, 5 = -4*m - 5*p. Calculate the highest common factor of 25 and m.
5
Let b(l) = 10*l - 4. Let v be b(-3). Let f = v - -52. What is the greatest common factor of f and 54?
18
Suppose u - 2*r + 8 = 0, -18 + 58 = -5*u - 5*r. Let x = u - -11. Suppose -2*y + 13 = -4*k + 3, -15 = -x*y - 3*k. What is the highest common factor of y and 10?
5
Let s = 8 - 5. Suppose 2*i - 7*i + 21 = 4*m, 5*i - s*m = 28. Calculate the highest common factor of 10 and i.
5
Let g(a) = -a**2 - 6*a + 8. Let z be g(-6). What is the highest common factor of 64 and z?
8
Suppose -2*j = -5*i + 130, i = -0*i + j + 23. Let h = -16 + 86. Calculate the greatest common divisor of h and i.
14
Let s(l) = -17*l**3 - 2*l**2 + l + 2. Let t be s(-3). What is the highest common factor of 40 and t?
40
Suppose 95 = 5*k + 5*r, -4*k - r + 39 + 25 = 0. Calculate the greatest common divisor of k and 10.
5
Suppose 10 = 63*k - 58*k. Calculate the highest common factor of 7 and k.
1
Let n = -26 - -86. Let s = n - 31. Calculate the greatest common divisor of s and 319.
29
Suppose -3*x - 2*m = -148, -3*m + 2 + 59 = x. Calculate the greatest common factor of x and 23.
23
Let j = 1 + 1. Let m = j + 0. Suppose -4*n + 8 = -l - 0*n, l - m*n = 0. What is the highest common divisor of l and 1?
1
Let d be (-74)/(-8) - ((-6)/(-24) + -1). What is the greatest common divisor of d and 2?
2
Let t be 2 + 6*(-2)/(-4). Let a = -38 + 80. Suppose 4*v - 24 = -2*f + a, 3*v = -3*f + 87. Calculate the highest common divisor of t and f.
5
Suppose 352 = 2*t - 374. What is the greatest common factor of 33 and t?
33
Let v(g) = 40*g. Let u be v(1). Suppose 0 = -2*c - 3*c - m + 59, -u = -4*c + m. Suppose 5*d = 65 + 375. What is the highest common factor of c and d?
11
Suppose 4*j + 58 = 6*j. Suppose -o = a - j, -3*o + 2*o + 2*a = -14. What is the greatest common divisor of o and 216?
24
Let q be (-2)/(-9) - (-8)/(-36). Let b = q + 10. Let f be (16/b)/(4/30). What is the highest common divisor of 4 and f?
4
Suppose -2*z + 0*z + 3*f + 21 = 0, -z + 16 = 4*f. What is the highest common divisor of z and 30?
6
Suppose -4*v - 3 = 3*i, 2*i + 4 - 1 = -3*v. Suppose -12 = -4*k + i*o + 21, 17 = k + o. What is the greatest common divisor of 30 and k?
6
Suppose -2*m + 45 = 3*m. Let a(w) = -4*w - 4. Let t be a(-5). Let u be 5/4 + (-4)/t. What is the highest common divisor of u and m?
1
Let f(j) = 84*j**2 - j + 1. Let k be f(1). Suppose -2*q = -5*q + k. Let h be q/(-10)*(-5)/1. What is the highest common factor of 14 and h?
14
Suppose 5*q = -2*c + 5*c - 21, 0 = 2*c - 4*q - 16. Suppose c*b + 40 = -3*b. Let g be (-2)/b + 621/12. What is the greatest common divisor of g and 13?
13
Suppose -h = -5*u + 19, -2*u - 3*u - 4*h = 1. Calculate the greatest common divisor of u and 1.
1
Suppose -4*a = -2*a - 4. Suppose -2*z + n + 6 = -a*n, n = 0. Suppose -m + 6*b = 3*b - 32, z*m - 26 = -5*b. Calculate the highest common factor of m and 136.
17
Suppose -3*a + 1 = g - 6, 0 = -g + 4*a - 7. What is the highest common factor of g and 4?
1
Let n = 39 + 26. What is the highest common factor of n and 13?
13
Let j = 12 - 5. Suppose j*c - 80 = 3*c. Suppose -4*u + 4 = -c. Calculate the highest common divisor of 24 and u.
6
Let u(k) = -k**2 + 3*k - 3. Let d be u(2). Let h(g) = 10*g**2 - g - 1. Let q be h(d). What is the greatest common divisor of 110 and q?
10
Let d(n) = -2*n + 6. Let c be d(-10). Let w be (299/(-46))/(2/(-20)). What is the highest common factor of w and c?
13
Suppose -h - 3*r + 11 = -0*h, 5*r = -4*h + 23. Suppose -5 - 13 = -c. Suppose -5*g + 1 = d + c, h*d - 22 = 4*g. What is the highest common factor of 2 and d?
1
Suppose -g = -3*g + 4. Suppose 4*d = -2*w - w + 321, 4*w = -g*d + 148. Calculate the highest common factor of 12 and d.
12
Suppose 2*h - 60 = -12. Calculate the greatest common divisor of 36 and h.
12
Let x = 4 + -2. Let b = -7 - -8. Let p be -2 - -4 - (b - 5). What is the highest common factor of x and p?
2
Suppose -8 = -2*d + 18. Suppose 10*k - 92 = 14*k. Let u = k + 140. What is the highest common factor of d and u?
13
Let f = -10 - -73. What is the greatest common factor of 9 and f?
9
Let i(p) = 4*p + 6. Let q be i(2). Suppose -2*z + z + 154 = 0. Calculate the greatest common divisor of z and q.
14
Suppose 2*g = -0*g - 2. Let k(t) = -13*t + 1. Let a be k(g). Suppose -b = -2*b + 7. What is the greatest common divisor of b and a?
7
Let h(x) = -x - 10. Let z be h(-10). Suppose 0 = -3*s + 4 + 5. Let l be 1 + s + 2 + z. Calculate the highest common divisor of 42 and l.
6
Suppose 87 = 8*c + 15. Calculate the highest common divisor of 63 and c.
9
Suppose 2*s = -38 + 58. Calculate the highest common factor of s and 20.
10
Let l = -66 + 132. What is the highest common divisor of 99 and l?
33
Let n be (9*2 - 1) + -3. Calculate the highest common factor of n and 56.
14
Let j be (32 - 2)*2/5. Suppose -2*i - i = -j. What is the greatest common divisor of 44 and i?
4
Suppose -9 = 5*i - 6*i. Suppose 6 = -4*w - 5*u + 43, 0 = 5*u - 25. What is the greatest common divisor of i and w?
3
Let s = 152 - 54. Calculate the highest common divisor of s and 14.
14
Suppose 5*w - 15 = 0, -2*w - 179 = 6*x - x. Let f = -71 + 12. Let k = x - f. What is the highest common divisor of 2 and k?
2
Suppose -2*i = 2*d + 3*i - 2, d = -5*i - 9. Let p = -54 + 76. Let y be (-21)/(-14)*p/3. Calculate the greatest common factor of y and d.
11
Let r(z) = 3*z**2 - 1. Let d be r(1). Suppose -4*p + 8 = 3*v - 2*p, 5*p - 20 = 5*v. Suppose -t + 3*t - 2 = v. What is the highest common factor of d and t?
1
Let x be 0 + -1 - (0 + -7). Suppose 3*j = -5*l + 2*j - 95, 0 = -l + 3*j - 3. Let a be (l + -3)/((-2)/x). What is the highest common factor of a and 7?
7
Let y = -9 + 13. Suppose 2*r + 4*x = 7*r - 15, 3*x = 3*r